is the remainder when 177137150 is divided by 152?
150
Calculate the remainder when 915203 is divided by 12890.
13
Calculate the remainder when 43647 is divided by 10910.
7
What is the remainder when 1737608 is divided by 53?
3
What is the remainder when 678749 is divided by 4188?
293
Calculate the remainder when 1776038 is divided by 7104.
38
Calculate the remainder when 28582112 is divided by 3523.
13
What is the remainder when 1405486 is divided by 281090?
36
Calculate the remainder when 21064362 is divided by 46.
42
What is the remainder when 226912 is divided by 45348?
172
What is the remainder when 49982264 is divided by 1388396?
8
Calculate the remainder when 14669160 is divided by 37.
29
What is the remainder when 4207 is divided by 984?
271
Calculate the remainder when 38886 is divided by 514.
336
Calculate the remainder when 2602040 is divided by 433673.
2
What is the remainder when 17800 is divided by 274?
264
Calculate the remainder when 55377 is divided by 7152.
5313
Calculate the remainder when 5668021 is divided by 128818.
29
Calculate the remainder when 330700 is divided by 1999.
865
What is the remainder when 604983 is divided by 19515?
18
What is the remainder when 126836324 is divided by 2?
0
Calculate the remainder when 111742 is divided by 148.
2
What is the remainder when 1138158 is divided by 72?
54
What is the remainder when 4558106 is divided by 383?
23
What is the remainder when 1427785 is divided by 478?
477
What is the remainder when 40820543 is divided by 962?
959
Calculate the remainder when 99951293 is divided by 99951267.
26
What is the remainder when 14340354 is divided by 818?
814
What is the remainder when 513388 is divided by 204?
124
What is the remainder when 4549096 is divided by 20962?
342
Calculate the remainder when 2731217 is divided by 548.
533
Calculate the remainder when 208367 is divided by 13884.
107
Calculate the remainder when 3438536 is divided by 859622.
48
What is the remainder when 139381 is divided by 634?
535
What is the remainder when 18246759 is divided by 117721?
4
What is the remainder when 51088183 is divided by 106?
105
What is the remainder when 304265243 is divided by 1073?
1071
Calculate the remainder when 514508 is divided by 1762.
4
Calculate the remainder when 10491960 is divided by 223233.
9
Calculate the remainder when 65525 is divided by 2209.
1464
Calculate the remainder when 33580641 is divided by 55.
6
What is the remainder when 220113823 is divided by 3132?
3127
What is the remainder when 115104 is divided by 3105?
219
What is the remainder when 1665866 is divided by 174?
164
Calculate the remainder when 145891 is divided by 6881.
1390
Calculate the remainder when 2318864 is divided by 42161.
9
Calculate the remainder when 484026 is divided by 48395.
76
Calculate the remainder when 8328022 is divided by 68.
62
Calculate the remainder when 251807397 is divided by 42.
9
What is the remainder when 33973 is divided by 16848?
277
Calculate the remainder when 389367 is divided by 25946.
177
Calculate the remainder when 800859 is divided by 519.
42
What is the remainder when 4831746 is divided by 521?
513
What is the remainder when 196611 is divided by 204?
159
Calculate the remainder when 1810680 is divided by 403.
1
Calculate the remainder when 75432668 is divided by 284.
280
What is the remainder when 9977738 is divided by 459?
455
What is the remainder when 2153062 is divided by 842?
68
Calculate the remainder when 3025889 is divided by 49.
41
Calculate the remainder when 62933 is divided by 3249.
1202
Calculate the remainder when 1119064 is divided by 2177.
86
What is the remainder when 738072572 is divided by 288?
284
Calculate the remainder when 5274048 is divided by 66.
54
What is the remainder when 83964 is divided by 5245?
44
What is the remainder when 451763 is divided by 28234?
19
Calculate the remainder when 564294 is divided by 507.
3
What is the remainder when 21715 is divided by 256?
211
Calculate the remainder when 70247 is divided by 34471.
1305
Calculate the remainder when 743578 is divided by 16.
10
What is the remainder when 1353642 is divided by 62?
58
What is the remainder when 10552997 is divided by 879416?
5
What is the remainder when 15535250 is divided by 1553524?
10
What is the remainder when 45980 is divided by 3231?
746
What is the remainder when 50078 is divided by 2168?
214
Calculate the remainder when 2827824 is divided by 706954.
8
What is the remainder when 381935 is divided by 362?
25
Calculate the remainder when 16480296 is divided by 241.
234
What is the remainder when 64981 is divided by 16102?
573
Calculate the remainder when 1060467 is divided by 182.
135
Calculate the remainder when 132537 is divided by 1715.
482
What is the remainder when 3773822 is divided by 57?
23
Calculate the remainder when 1151873 is divided by 164553.
2
What is the remainder when 66553852 is divided by 206?
196
What is the remainder when 50994212 is divided by 170?
162
Calculate the remainder when 325042141 is divided by 6511.
6510
Calculate the remainder when 3289 is divided by 3029.
260
Calculate the remainder when 30861 is divided by 5142.
9
Calculate the remainder when 1467199 is divided by 1051.
3
Calculate the remainder when 49013 is divided by 2222.
129
Calculate the remainder when 1929179 is divided by 152.
147
What is the remainder when 966917 is divided by 241728?
5
What is the remainder when 785767 is divided by 1543?
380
Calculate the remainder when 6003757 is divided by 1385.
1167
Calculate the remainder when 1409442 is divided by 201348.
6
Calculate the remainder when 544030006 is divided by 8.
6
What is the remainder when 139206 is divided by 3?
0
Calculate the remainder when 189692 is divided by 189411.
281
Calculate the remainder when 42938 is divided by 2188.
1366
Calculate the remainder when 310288 is divided by 14258.
10870
Calculate the remainder when 1778106 is divided by 1615.
1606
Calculate the remainder when 11153441 is divided by 3862.
3847
Calculate the remainder when 12139245 is divided by 262.
261
What is the remainder when 1497468 is divided by 53?
6
Calculate the remainder when 217871 is divided by 2944.
15
What is the remainder when 21527476 is divided by 8705?
11
What is the remainder when 670802 is divided by 670763?
39
Calculate the remainder when 197884 is divided by 54.
28
Calculate the remainder when 4321566 is divided by 161.
4
Calculate the remainder when 24740 is divided by 2194.
606
Calculate the remainder when 79471997 is divided by 8.
5
Calculate the remainder when 10362257 is divided by 369.
368
What is the remainder when 457250 is divided by 460?
10
Calculate the remainder when 144799040 is divided by 5189.
5184
What is the remainder when 19439771 is divided by 925?
896
Calculate the remainder when 5862368 is divided by 117247.
18
Calculate the remainder when 1881460 is divided by 870.
520
What is the remainder when 1219207 is divided by 384?
7
Calculate the remainder when 2327790 is divided by 77593.
0
Calculate the remainder when 17902095 is divided by 347.
18
Calculate the remainder when 101067 is divided by 1321.
671
What is the remainder when 5580679 is divided by 12598?
12363
What is the remainder when 3994838 is divided by 3994826?
12
Calculate the remainder when 1182243 is divided by 467.
266
What is the remainder when 463762038 is divided by 170?
168
Calculate the remainder when 8498997 is divided by 1642.
5
What is the remainder when 1412094 is divided by 343?
306
Calculate the remainder when 2242196 is divided by 1121005.
186
What is the remainder when 58888 is divided by 745?
33
Calculate the remainder when 234825 is divided by 23479.
35
Calculate the remainder when 5205 is divided by 640.
85
What is the remainder when 135671 is divided by 1741?
1614
What is the remainder when 278825 is divided by 697?
25
What is the remainder when 71802702 is divided by 9444?
9414
Calculate the remainder when 56196 is divided by 5609.
106
What is the remainder when 1387112 is divided by 422?
420
Calculate the remainder when 6220502 is divided by 526.
26
What is the remainder when 10521505 is divided by 14085?
10
What is the remainder when 764601 is divided by 763962?
639
Calculate the remainder when 1513064 is divi